 - 51 = 54. Calculate the remainder when i is divided by (r + 2)*1 + -3.
3
Let s = -18 + 93. Suppose -s = -3*d + 2*f, -5*f + 8 = -2*d + 3*d. Calculate the remainder when d is divided by 12.
11
Suppose -w + 53 = 5*r, 9 + 4 = r + w. Suppose -5*s + r = -0. Suppose 114*o - 111*o - 3 = 0. What is the remainder when s is divided by o?
0
Let n(v) = 2*v**2 - 166*v - 1035. Calculate the remainder when (-65)/(-1)*(-2 - -3) is divided by n(-6).
32
Suppose -5*p + 0*p + 295 = 0. Let t = 16 - p. Let h = -31 - t. What is the remainder when 33 is divided by h?
9
Suppose 0 = 2*l + 5*y - 67, 0 = 4*l - 3*y + 4*y - 161. Calculate the remainder when l is divided by 29.
12
Suppose 4*o = 4*q - 188, -3*q = o + 4*o + 235. Let d(w) = w**2 - 60*w + 85. Let f be d(57). Let x = o - f. Calculate the remainder when x is divided by 14.
11
Suppose 3*t - 153 = 2*p, -2*p - 96 = 5*t + 81. Let o = 134 + p. Suppose -20*u + 15*u = -140. Calculate the remainder when o is divided by u.
25
Suppose 41 = 53*k - 52*k. Let v = 53 - k. Calculate the remainder when 167 is divided by v.
11
What is the remainder when 204 is divided by 27/(0 + 12/8 - 1)?
42
Suppose 21*o - 525 = 14*o. What is the remainder when 597 is divided by o?
72
Suppose 0 = -791*b + 800*b - 288. Calculate the remainder when b is divided by 22.
10
Suppose -4*q + 134 = 3*x - 169, 3*x + 321 = 4*q. Suppose 5*j = q + 242. Calculate the remainder when j is divided by 17.
13
Let l(b) = b - 7. Let h(w) = -2*w + 14. Let f(m) = -4*h(m) - 9*l(m). Suppose -2*i = 2*i + 48. What is the remainder when 55 is divided by f(i)?
17
Let h(m) = -m**3 + 7*m**2 + m - 4. Suppose -3*u = 4*f - 43, 3*f - 4*u = f + 38. Calculate the remainder when h(5) is divided by f.
12
What is the remainder when 312 is divided by 3402/(-18)*(-2)/6?
60
Suppose 2*f = 4*f - 16. Suppose 4*k = -8, 0 = 3*g - 4*g - 3*k - 7. What is the remainder when f is divided by -3 + 12 + (-4 - g)?
2
Let j(z) = -2*z**2 - 81*z - 180. What is the remainder when 7/(46/22 + -2) is divided by j(-38)?
7
Let s(b) be the second derivative of 17*b**4/3 - b**3/6 - b**2/2 - 14*b. What is the remainder when s(-1) is divided by 23?
22
Let d = 10 + -10. Suppose -2*m + d = -2. Let j = m + 9. What is the remainder when 28 is divided by j?
8
Suppose -77 = y - 98. Calculate the remainder when 54 is divided by y.
12
Suppose 5*x + 8 = 43. Suppose x = j - 10. Suppose 74 = 3*k - 127. Calculate the remainder when k is divided by j.
16
Suppose -3*b - 1 = -5*q, 5*q + 4*b - 20 = q. Let h(g) = -q*g + 3 + g - g. Calculate the remainder when 31 is divided by h(-7).
14
Suppose -4*o + 2*v = -2, 2*o + v = 3*o. Suppose 0 = -60*a + 56*a + 32. What is the remainder when (6 + o)/((-1)/(-2)) is divided by a?
6
Let z = 267 - 251. What is the remainder when 22 is divided by z?
6
Let l = 749 - 520. Calculate the remainder when l is divided by 99.
31
Let m(z) = z**3 - 9*z**2 + 5*z + 1. Let b be m(9). Let c = 69 - b. What is the remainder when 67 is divided by c?
21
Suppose 4*z = 3*o + 662, 345 = 5*z - 4*o - 483. Let l = z + -147. What is the remainder when 61 is divided by l?
10
Suppose -1011 + 7756 = 19*s. Calculate the remainder when s is divided by 114.
13
Let o = -111 + 246. Suppose 6*k - o = k. Calculate the remainder when (-2)/8 - 1263/(-12) is divided by k.
24
Let h = 520 - -78. What is the remainder when h is divided by 50?
48
Let b(n) = -n + 3. Let x be b(3). Suppose 4*u - d - 71 = -x*u, 0 = -2*u + 3*d + 43. Calculate the remainder when u is divided by ((-51)/(-3) - 14)/((-2)/(-6)).
8
Let a(z) = z**3 - 16*z**2 + 18*z - 28. Let l = -159 - -224. Calculate the remainder when l is divided by a(15).
14
Let a(k) = -k**2 - 12*k - 22. Let d be a(-6). Let r = d + 18. Calculate the remainder when 93 is divided by r.
29
Let p be (-24)/108*(-9 - 0). Let v(s) = s + p + s + 0 - 7. What is the remainder when v(9) is divided by 7?
6
Let d be 990/(-34) + (-6)/(-51). Let p = d + 31. What is the remainder when p is divided by 2?
0
Let z = -72 - -120. What is the remainder when z is divided by 15?
3
Suppose 2 + 14 = 4*a. Suppose -2*d + 0*k = -a*k - 2, -d - 4*k = 17. Let w = d - -22. Calculate the remainder when 50 is divided by w.
16
Let j(f) = 2*f**2 + 9*f + 16. Let y be j(-6). Let w = y + -15. Suppose 0 = 5*o - 28 - 7. Calculate the remainder when w is divided by o.
5
Let c be (-22)/6 + (-1)/3. Let v = c - -29. Let y(d) = d**2 - 3*d + 28. Calculate the remainder when y(-7) is divided by v.
23
Let v = -47 + 73. Suppose -3*b + 97 = -v. What is the remainder when 119 is divided by b?
37
Let d(p) = -p**2 - 3*p + 4. Let h be d(-4). Suppose 0*t - 5*t + 265 = h. What is the remainder when t is divided by 2 + (-1 - 3)*65/(-10)?
25
Let h(t) = t**2 - 11*t - 16. Let y be h(13). Suppose 250 + y = 5*m. What is the remainder when m is divided by 14?
10
Let k be (4/(-8))/(2/12) - -14. Let q(t) = 4*t - 32. Calculate the remainder when 46 is divided by q(k).
10
Let z be 111/((-9)/(-3)) + (-2 - -2). Suppose z = 5*f - 0*f - 4*s, f + 5*s + 10 = 0. Calculate the remainder when 14 is divided by f.
4
Let g(w) = 4*w**2 - 23*w**3 - 3*w - 4 + 24*w**3 + 0*w**2. Calculate the remainder when 20 is divided by g(-4).
4
Suppose -w + 4*f + 0*f = -131, 3*w - 2*f = 433. What is the remainder when w is divided by 33?
15
Let d = 67 - 120. Let t = 75 + d. What is the remainder when 19 is divided by (-4)/t + 57/11?
4
Suppose -3*l + 0*l + 51 = 0. Let s = -622 - -772. What is the remainder when s is divided by l?
14
What is the remainder when (-60)/8*22/(-5) is divided by 8?
1
Suppose 171*m + 160*m - 15444 = 45*m. Suppose d = 4*r + 122, -542 = -5*d + 5*r - 2*r. Calculate the remainder when d is divided by m.
52
Let g be 0/((2 - 2) + -3). Let a(p) = -p**2 + p + 3. Let l be a(g). Suppose l*o - 50 + 10 = h, 5*o - h - 70 = 0. What is the remainder when o is divided by 9?
6
Let a(j) = 2*j + 1. Let p be a(2). Suppose 3*v + 1 = 5*i, p*i = -4*v - v + 25. Calculate the remainder when ((-3)/(-4))/((72/(-32))/(-9)) is divided by i.
1
Let j(f) = f + 11. Let c be j(-7). Let i(v) = -v**3 + 9*v**2 - 5*v + 2. Calculate the remainder when i(c) is divided by 16.
14
Let f = 128 - 39. Calculate the remainder when f is divided by 12.
5
Suppose 3*d + 256 - 322 = 0. Suppose 4*i - 30 = -5*b, 3*b - 6*b + 18 = i. Calculate the remainder when d is divided by b.
4
Let g = 101 + -179. Let h = g + 106. Calculate the remainder when 138 is divided by h.
26
Let k be ((-124)/5)/(16/(-40)). Let u = k + -40. What is the remainder when 41 is divided by u?
19
Let z = 18 + -43. Let y = -27 - z. What is the remainder when ((-32)/20)/(y/40) is divided by 12?
8
Suppose 0 = -j + 4*j - 18. Suppose -32 + 10 = -2*y - l, l = 4*y - 32. What is the remainder when y is divided by j?
3
Suppose 0 = 3*s - 25 - 170. What is the remainder when s is divided by 22?
21
Let t(j) = 12*j - 180. Calculate the remainder when t(28) is divided by 54.
48
What is the remainder when (-378)/(-28) + 4/(-8) is divided by 7?
6
Suppose 4*g - 350 = -3*t, -t - 84 = -94*g + 93*g. Calculate the remainder when g is divided by 26.
8
Let q(f) = 8*f**2 - f + 4. Let i be q(-3). Let w = i + -56. What is the remainder when w is divided by 8?
7
Suppose 27 = -4*s + 43. Suppose s*x + 3*k - 48 = 0, 0 = -2*x - k + 3*k + 38. What is the remainder when 44 is divided by x?
14
Suppose -40 = 4*j - 14*j. What is the remainder when 43 is divided by j?
3
Suppose -386 = -6*t + 190. Suppose -13*a = -11*a - t. What is the remainder when a is divided by 25?
23
Suppose 48 = h + 3*h. Suppose 2*v = 3*o - 175, 4*o - 121 = 2*o - 3*v. Calculate the remainder when o is divided by h.
11
Let d = -65 + 8. Let u = d - -87. Calculate the remainder when 86 is divided by u.
26
Let s = 339 + -291. Calculate the remainder when 137 is divided by s.
41
Calculate the remainder when 77 is divided by (19 + -9)*33/15.
11
Suppose 0 = -5*g - 1 + 46. What is the remainder when (178/12 - -8) + (-3)/(-18) is divided by g?
5
Suppose -2*m = 7 + 5. Calculate the remainder when 806/8 + m/(-24) is divided by 26.
23
Suppose 0*s - s = -3. Suppose 3*f - 10 = i + s, -21 = -3*f - 3*i. What is the remainder when 26 is divided by f?
1
Let d = 8 - 18. Let l = 216 + -213. Calculate the remainder when 13 is divided by (d/(-3) - l)*15.
3
Let i(t) be the second derivative of 5*t**4/4 - t**3/3 + t**2 + 36*t. Wh